{"id":23,"date":"2014-08-04T16:01:50","date_gmt":"2014-08-04T15:01:50","guid":{"rendered":"https:\/\/nataliebalsan.com\/wpbalsan\/?page_id=23"},"modified":"2024-05-13T17:12:18","modified_gmt":"2024-05-13T15:12:18","slug":"expositions","status":"publish","type":"page","link":"https:\/\/nataliebalsan.com\/?page_id=23","title":{"rendered":"Expositions"},"content":{"rendered":"<p style=\"text-align: right;\"><a class=\"pdf\" href=\"https:\/\/nataliebalsan.com\/wp-content\/uploads\/2024\/05\/ListeExpositionsNB.pdf\"><img decoding=\"async\" class=\"alignright size-medium wp-image-425\" src=\"https:\/\/nataliebalsan.com\/wp-content\/uploads\/2014\/08\/exposition.png\" alt=\"\" width=\"70\" height=\"auto\" \/> T\u00e9l\u00e9charger le PDF\u2026<\/a><\/p>\n<h3>Expositions personnelles<\/h3>\n<p>2004 PARIS Galerie La For\u00eat<br \/>\n2004 SARTENE Galerie U Pitraghju<br \/>\n2005 PARIS Association Artstarte\u0301<br \/>\n2005 AJACCIO Galerie Arkane<br \/>\n2006 PARIS Espace Pierre Cardin<br \/>\n2006 PARIS Librairie Les mots \u00e0 la bouche<br \/>\n2006 CHATEAUROUX H\u00f4tel de Ville<br \/>\n2006 PARIS Grand March\u00e9 d\u2019Art Contemporain<br \/>\n2006 PARIS Galerie Etienne de Causans<br \/>\n2007 PARIS Ateliers d\u2019Artistes de Belleville<br \/>\n2007 SARTENE L\u2019Atelier<br \/>\n2007 PALOMBAGGIA Les Bergeries<br \/>\n2007 DINARD Festival du Film Britannique<br \/>\n2007 AJACCIO Galerie Arkane<br \/>\n2007 TOULON Ville de Toulon<br \/>\n2008 PARIS Ateliers d\u2019Artistes de Belleville<br \/>\n2008 PARIS Association Artstart\u00e9<br \/>\n2008 CARTHAGE Tunisie<br \/>\nJourn\u00e9es Cin\u00e9matographiques de Carthage<br \/>\n2008 BASTIA Festival Arte Mare<br \/>\n2008 PORTO VECCHIO Cin\u00e9math\u00e8que de Corse<br \/>\n2009 PARIS Ateliers d\u2019Artistes de Belleville<br \/>\n2009 FOIRE DE BARACCI Corse du Sud<br \/>\n2009 AJACCIO Galerie Arkane<br \/>\n2010 FOIRE DE BARACCI Corse du Sud<br \/>\n2010 KOFU Airy Yamanashi Japon<br \/>\n2011 AJACCIO Galerie Arkane<br \/>\n2011 PARIS Atelier Gustave avec Pellay<br \/>\n2014 PROPRIANO Galerie Fronti di Mare<br \/>\n2014 PARIS Atelier Gustave avec Pellay<br \/>\n2016 PARIS Atelier Gustave avec Pellay<br \/>\n2017 PROPRIANO Galerie Fronti di Mare<br \/>\n2018 PROPRIANO Galerie Fronti di Mare<br \/>\n2018 PARIS Ville A Des Arts<br \/>\n2024 SARTENE Mus\u00e9e d\u2019Arch\u00e9ologie<\/p>\n<h3>Expositions collectives<\/h3>\n<p>2002 PARIS Crypte du Martyrium St Denis<br \/>\n2005 PARIS Vente publique Drouot Ader<br \/>\n2005 SOMMIERES Graine de Papier<br \/>\n2006 VENDARGUES Lieu d&rsquo;Art et de Vie<br \/>\n2007 PARIS Maison des Associations du VIIe<br \/>\n2008 PARIS Vente publique Neuilly s\/S Aguttes<br \/>\n2011 Ch\u00e2tenay Malabry Printemps des Po\u00e8tes<br \/>\n2011 Ste Lucie de Tallano Festa di l\u2019Oliu<br \/>\n2014 RULLY R\u00e9surgences Au fil de l&rsquo;Aunette<br \/>\n2014 SARTENE Galerie La Part du R\u00eave<br \/>\n2015 RULLY Tours et D\u00e9tours Aunette<br \/>\n2016 TRUMILLY Les uns et les autres Oise<br \/>\n2016 SARTENE F\u00eate de St Cosme et Damien<br \/>\n2017 TRUMILLY Animal L&rsquo;Art en chemin<\/p>\n","protected":false},"excerpt":{"rendered":"<p>T\u00e9l\u00e9charger le PDF\u2026 Expositions personnelles 2004 PARIS Galerie La For\u00eat 2004 SARTENE Galerie U Pitraghju 2005 PARIS Association Artstarte\u0301 2005 AJACCIO Galerie Arkane 2006 PARIS Espace Pierre Cardin 2006 PARIS Librairie Les mots \u00e0 la bouche 2006 CHATEAUROUX H\u00f4tel de Ville 2006 PARIS Grand March\u00e9 d\u2019Art Contemporain 2006 PARIS Galerie Etienne de Causans 2007 PARIS [&hellip;]<\/p>\n","protected":false},"author":1,"featured_media":0,"parent":0,"menu_order":0,"comment_status":"closed","ping_status":"closed","template":"","meta":{"footnotes":""},"class_list":["post-23","page","type-page","status-publish","hentry"],"jetpack_shortlink":"https:\/\/wp.me\/P9GCpO-n","jetpack_sharing_enabled":true,"_links":{"self":[{"href":"https:\/\/nataliebalsan.com\/index.php?rest_route=\/wp\/v2\/pages\/23","targetHints":{"allow":["GET"]}}],"collection":[{"href":"https:\/\/nataliebalsan.com\/index.php?rest_route=\/wp\/v2\/pages"}],"about":[{"href":"https:\/\/nataliebalsan.com\/index.php?rest_route=\/wp\/v2\/types\/page"}],"author":[{"embeddable":true,"href":"https:\/\/nataliebalsan.com\/index.php?rest_route=\/wp\/v2\/users\/1"}],"replies":[{"embeddable":true,"href":"https:\/\/nataliebalsan.com\/index.php?rest_route=%2Fwp%2Fv2%2Fcomments&post=23"}],"version-history":[{"count":40,"href":"https:\/\/nataliebalsan.com\/index.php?rest_route=\/wp\/v2\/pages\/23\/revisions"}],"predecessor-version":[{"id":1209,"href":"https:\/\/nataliebalsan.com\/index.php?rest_route=\/wp\/v2\/pages\/23\/revisions\/1209"}],"wp:attachment":[{"href":"https:\/\/nataliebalsan.com\/index.php?rest_route=%2Fwp%2Fv2%2Fmedia&parent=23"}],"curies":[{"name":"wp","href":"https:\/\/api.w.org\/{rel}","templated":true}]}}